when 284 is divided by 19?
18
Calculate the remainder when 97 is divided by 80.
17
Calculate the remainder when 151 is divided by 51.
49
Calculate the remainder when 4158 is divided by 20.
18
What is the remainder when 461 is divided by 78?
71
Calculate the remainder when 722 is divided by 182.
176
What is the remainder when 1068 is divided by 52?
28
Calculate the remainder when 1560 is divided by 505.
45
Calculate the remainder when 173 is divided by 54.
11
Calculate the remainder when 4913 is divided by 1227.
5
What is the remainder when 239 is divided by 85?
69
Calculate the remainder when 21849 is divided by 46.
45
What is the remainder when 2320 is divided by 101?
98
What is the remainder when 1690 is divided by 40?
10
What is the remainder when 13648 is divided by 175?
173
Calculate the remainder when 478 is divided by 46.
18
What is the remainder when 124 is divided by 64?
60
Calculate the remainder when 8 is divided by 7.
1
What is the remainder when 1717 is divided by 169?
27
What is the remainder when 188 is divided by 32?
28
Calculate the remainder when 8544 is divided by 80.
64
Calculate the remainder when 907 is divided by 182.
179
What is the remainder when 2009 is divided by 980?
49
Calculate the remainder when 602 is divided by 131.
78
What is the remainder when 443 is divided by 252?
191
Calculate the remainder when 85 is divided by 36.
13
Calculate the remainder when 1797 is divided by 201.
189
What is the remainder when 363 is divided by 86?
19
What is the remainder when 92 is divided by 24?
20
What is the remainder when 140 is divided by 64?
12
What is the remainder when 453 is divided by 18?
3
What is the remainder when 1401 is divided by 117?
114
What is the remainder when 343 is divided by 88?
79
What is the remainder when 1836 is divided by 80?
76
What is the remainder when 531 is divided by 55?
36
What is the remainder when 178 is divided by 15?
13
What is the remainder when 97 is divided by 11?
9
Calculate the remainder when 395 is divided by 195.
5
Calculate the remainder when 250 is divided by 34.
12
Calculate the remainder when 154 is divided by 31.
30
What is the remainder when 106 is divided by 63?
43
Calculate the remainder when 2847 is divided by 75.
72
Calculate the remainder when 1702 is divided by 554.
40
What is the remainder when 301 is divided by 76?
73
Calculate the remainder when 2057 is divided by 4.
1
Calculate the remainder when 2473 is divided by 56.
9
What is the remainder when 3741 is divided by 9?
6
What is the remainder when 116 is divided by 29?
0
Calculate the remainder when 933 is divided by 78.
75
What is the remainder when 151 is divided by 68?
15
What is the remainder when 1738 is divided by 5?
3
What is the remainder when 221 is divided by 12?
5
What is the remainder when 151 is divided by 64?
23
What is the remainder when 256 is divided by 61?
12
What is the remainder when 162 is divided by 33?
30
Calculate the remainder when 119 is divided by 64.
55
What is the remainder when 85 is divided by 16?
5
Calculate the remainder when 5846 is divided by 10.
6
What is the remainder when 279 is divided by 97?
85
What is the remainder when 329 is divided by 85?
74
What is the remainder when 2247 is divided by 280?
7
What is the remainder when 95 is divided by 25?
20
What is the remainder when 28478 is divided by 32?
30
Calculate the remainder when 915 is divided by 242.
189
Calculate the remainder when 3252 is divided by 16.
4
Calculate the remainder when 66 is divided by 22.
0
What is the remainder when 1915 is divided by 31?
24
What is the remainder when 247 is divided by 80?
7
Calculate the remainder when 117 is divided by 4.
1
What is the remainder when 830 is divided by 276?
2
Calculate the remainder when 64 is divided by 49.
15
What is the remainder when 3519 is divided by 44?
43
Calculate the remainder when 668 is divided by 168.
164
What is the remainder when 85 is divided by 4?
1
What is the remainder when 837 is divided by 94?
85
Calculate the remainder when 2108 is divided by 17.
0
Calculate the remainder when 101 is divided by 93.
8
Calculate the remainder when 7030 is divided by 6.
4
Calculate the remainder when 241 is divided by 229.
12
Calculate the remainder when 1652 is divided by 24.
20
What is the remainder when 51 is divided by 44?
7
Calculate the remainder when 1654 is divided by 98.
86
What is the remainder when 192 is divided by 51?
39
What is the remainder when 280 is divided by 39?
7
Calculate the remainder when 24 is divided by 4.
0
What is the remainder when 79 is divided by 22?
13
What is the remainder when 77 is divided by 52?
25
Calculate the remainder when 344 is divided by 129.
86
What is the remainder when 971 is divided by 160?
11
Calculate the remainder when 318 is divided by 53.
0
Calculate the remainder when 466 is divided by 264.
202
What is the remainder when 2139 is divided by 42?
39
Calculate the remainder when 33 is divided by 20.
13
What is the remainder when 87 is divided by 54?
33
Calculate the remainder when 2760 is divided by 1380.
0
What is the remainder when 4030 is divided by 139?
138
What is the remainder when 1828 is divided by 31?
30
What is the remainder when 311 is divided by 21?
17
What is the remainder when 75 is divided by 7?
5
What is the remainder when 1191 is divided by 241?
227
Calculate the remainder when 21 is divided by 17.
4
Calculate the remainder when 11444 is divided by 18.
14
Calculate the remainder when 1738 is divided by 60.
58
Calculate the remainder when 328 is divided by 15.
13
Calculate the remainder when 12913 is divided by 105.
103
What is the remainder when 788 is divided by 390?
8
Calculate the remainder when 534 is divided by 496.
38
What is the remainder when 350 is divided by 184?
166
Calculate the remainder when 169 is divided by 56.
1
Calculate the remainder when 412 is divided by 101.
8
What is the remainder when 12141 is divided by 92?
89
What is the remainder when 148 is divided by 38?
34
What is the remainder when 411 is divided by 86?
67
Calculate the remainder when 597 is divided by 25.
22
What is the remainder when 588 is divided by 18?
12
Calculate the remainder when 578 is divided by 207.
164
What is the remainder when 6695 is divided by 3343?
9
Calculate the remainder when 527 is divided by 41.
35
Calculate the remainder when 2389 is divided by 88.
13
What is the remainder when 5615 is divided by 466?
23
What is the remainder when 6897 is divided by 30?
27
What is the remainder when 298 is divided by 13?
12
Calculate the remainder when 1319 is divided by 20.
19
Calculate the remainder when 1357 is divided by 38.
27
What is the remainder when 12 is divided by 1?
0
Calculate the remainder when 73 is divided by 9.
1
What is the remainder when 172 is divided by 59?
54
What is the remainder when 7379 is divided by 205?
204
Calculate the remainder when 168 is divided by 88.
80
What is the remainder when 895 is divided by 19?
2
Calculate the remainder when 30493 is divided by 32.
29
Calculate the remainder when 49 is divided by 33.
16
What is the remainder when 178 is divided by 154?
24
Calculate the remainder when 648 is divided by 31.
28
Calculate the remainder when 4414 is divided by 12.
10
What is the remainder when 290 is divided by 9?
2
Calculate the remainder when 256 is divided by 52.
48
What is the remainder when 36 is divided by 23?
13
Calculate the remainder when 511 is divided by 86.
81
What is the remainder when 128 is divided by 67?
61
Calculate the remainder when 15 is divided by 4.
3
Calculate the remainder when 231 is divided by 30.
21
Calculate the remainder when 824 is divided by 15.
14
Calculate the remainder when 3487 is divided by 116.
7
Calculate the remainder when 159 is divided by 48.
15
What is the remainder when 21325 is divided by 9?
4
Calculate the remainder when 526 is divided by 24.
22
What is the remainder when 21 is divided by 15?
6
What is the remainder when 831 is divided by 64?
63
What is the remainder when 3623 is divided by 151?
150
What is the remainder when 618 is divided by 26?
20
What is the remainder when 701 is divided by 223?
32
What is the remainder when 3892 is divided by 229?
228
What is the remainder when 5767 is divided by 4?
3
Calculate the remainder when 